s 4430335 (base 6) in base 12?
a83ab
Convert 12212121101121 (base 3) to base 11.
1842559
Convert 148223 (base 9) to base 7.
530130
What is -1d7a8 (base 14) in base 4?
-102131120
What is 101101000010011110 (base 2) in base 7?
1365560
-4014620 (base 8) to base 13
-2ac341
Convert -591358 (base 10) to base 3.
-1010001012011
Convert -b4a3b2 (base 12) to base 7.
-33056612
-6535100 (base 8) to base 2
-110101011101001000000
What is -1b7d6 (base 14) in base 2?
-10001001000010000
-bc87 (base 16) to base 6
-1011235
What is 215364 (base 12) in base 10?
527548
100100010110101 (base 2) to base 5
1043423
-10112100220000 (base 3) to base 12
-766346
What is -22345452 (base 7) in base 12?
-799259
Convert 3954e (base 15) to base 2.
101100110010011001
What is -79823 (base 12) in base 7?
-1242651
Convert -1f5d88 (base 16) to base 8.
-7656610
11323433 (base 8) to base 4
21122130123
1111001111110100 (base 2) to base 4
33033310
What is 1757720 (base 8) in base 5?
113003143
What is 1335051 (base 7) in base 6?
3443320
What is -1b70d (base 16) in base 15?
-23482
635aa (base 13) to base 10
178942
What is -3424645 (base 8) in base 2?
-11100010100110100101
4a307 (base 15) to base 13
83ac7
What is -1404133403 (base 5) in base 3?
-20202001210001
Convert 585316 (base 12) to base 13.
3a8c36
-12003030132 (base 4) to base 6
-53554210
Convert 15386 (base 9) to base 11.
7a00
Convert 892773 (base 11) to base 10.
1423766
What is b89f (base 16) in base 7?
254536
What is -5424bb (base 12) in base 3?
-2111122011122
Convert 201121434 (base 5) to base 11.
4a81a1
What is 8603 (base 13) in base 12?
a915
Convert 97404 (base 13) to base 4.
1002223110
-30212213311 (base 4) to base 7
-40040302
10762a (base 16) to base 2
100000111011000101010
-170224 (base 13) to base 9
-1061057
What is -125471a (base 12) in base 6?
-205020434
Convert 122076 (base 13) to base 6.
13140110
5841613 (base 9) to base 8
14026114
Convert 131827 (base 9) to base 6.
1414554
Convert 3123503 (base 7) to base 3.
201002112202
What is -100000011011001101101 (base 2) in base 5?
-233000014
-79504 (base 13) to base 5
-24024144
-dca4a3 (base 15) to base 12
-3630716
-10205054 (base 6) to base 13
-a5007
21477603 (base 8) to base 10
4620163
What is -21110540 (base 6) in base 14?
-1205c0
What is -20222101100122 (base 3) in base 6?
-211250242
Convert 110233212213 (base 4) to base 2.
10100101111100110100111
Convert -100111111001001100011101 (base 2) to base 10.
-10457885
Convert 22003332321 (base 4) to base 7.
31264146
-30451123 (base 6) to base 10
-877659
Convert -42024 (base 11) to base 15.
-13237
Convert -1625600 (base 7) to base 16.
-37016
What is -24024306 (base 7) in base 14?
-3d40ad
470c11 (base 13) to base 5
412442031
What is 14322401 (base 5) in base 10?
151601
44203 (base 15) to base 14
58c4d
-1123032302 (base 5) to base 3
-11210111200021
Convert -1404234 (base 7) to base 6.
-3554500
51515b0 (base 12) to base 6
1303335540
Convert -102301142 (base 6) to base 4.
-12312212312
What is 122044314 (base 6) in base 8?
10730226
Convert -20280431 (base 9) to base 3.
-200022200111001
5a1141 (base 13) to base 15
2c5614
What is 1001000000110110 (base 2) in base 14?
d650
What is -1780783 (base 11) in base 9?
-5607464
Convert -34035840 (base 9) to base 5.
-13210424213
What is -653a (base 11) in base 6?
-103550
2033435 (base 6) to base 8
277337
Convert -114202530 (base 6) to base 10.
-2162358
Convert 3672344 (base 8) to base 7.
11416151
41050503 (base 6) to base 11
731381
Convert 553b31 (base 13) to base 9.
3700114
Convert -10031031 (base 5) to base 9.
-131835
Convert -255450 (base 8) to base 6.
-1523240
What is -61998 (base 10) in base 2?
-1111001000101110
121210201221112 (base 3) to base 11
504aa46
-1120505300 (base 6) to base 9
-25223860
-1196534 (base 10) to base 9
-2223302
b68a07 (base 14) to base 8
27423557
Convert -477c5 (base 13) to base 16.
-1ff97
What is -2884 (base 14) in base 3?
-100211122
20c712 (base 15) to base 5
344421332
Convert 1220344104 (base 5) to base 6.
142115541
5416203 (base 7) to base 14
132773
Convert -70490 (base 13) to base 4.
-301000100
What is 161019 (base 10) in base 3?
22011212200
What is 1000000011010110011 (base 2) in base 4?
1000122303
What is -1121011303 (base 4) in base 8?
-1310563
What is -310345 (base 14) in base 15?
-229992
What is 28cc09 (base 14) in base 3?
2200001111100
What is 42304003 (base 5) in base 15?
6eba3
What is ba40 (base 16) in base 5?
3011210
What is 10110111111011001111 (base 2) in base 11?
475012
What is 3302440 (base 8) in base 9?
1600377
Convert -6263605 (base 7) to base 14.
-15933c
Convert -1204251 (base 7) to base 13.
-546c6
Convert -32898 (base 10) to base 3.
-1200010110
Convert -510827 (base 15) to base 7.
-44501362
Convert 48793b (base 14) to base 7.
30035204
What is -ac89e (base 15) in base 3?
-1000212200012
What is 12112031 (base 4) in base 15?
7a82
-975486 (base 10) to base 9
-1746103
-31634775 (base 8) to base 3
-110201200220112
6e6a6 (base 16) to base 9
758343
-1b41b (base 13) to base 4
-31002310
What is -11143344434 (base 5) in base 14?
-192c7b6
Convert 238872 (base 9) to base 5.
14104301
44c102 (base 15) to base 7
36612542
39398 (base 13) to base 16
19e68
42616 (base 10) to base 6
525144
-1000010000011001 (base 2) to base 5
-2040232
Convert -6364c (base 13) to base 2.
-101011101101011011
-445024142 (base 6) to base 10
-8075006
-3e04d (base 15) to base 11
-12672a
Convert -13a7253 (base 12) to base 15.
-5310ac
Convert 50533 (base 6) to base 11.
5024
-32013130210 (base 4) to base 14
-6c4828
What is -1582088 (base 9) in base 8?
-3270110
Convert -17002827 (base 10) to base 7.
-264343632
Convert 15cb31 (base 16) to base 6.
50340213
What is 7328a (base 11) in base 9?
172468
What is 1120020110111 (base 3) in base 14?
178db7
-2230443 (base 5) to base 15
-ba83
Convert -3721672 (base 9) to base 3.
-10210201202102
What is 51972a (base 11) in base 16?
cb4f2
Convert -12001211111 (base 3) to base 7.
-563551
Convert 8fddf (base 16) to base 5.
122324104
Convert 2876ad (base 15) to base 13.
5330b6
-110201012011221 (base 3) to base 12
-2319207
-2c370 (base 14) to base 11
-75a86
What is 131aa2 (base 11) in base 2?
110010101100001011
Convert 678562 (base 15) to base 11.
2873697
Convert -23525140 (base 7) to base 10.
-2090662
What is 79c12 (base 13) in base 14?
5ab4b
Convert 5a618 (base 13) to base 11.
103637
Convert 20121340 (base 8) to base 5.
2041023000
What is 268300 (base 12) in base 7?
5260131
-3322322022 (base 4) to base 13
-29ca27
What is 10454422 (base 9) in base 5?
2243231410
Convert -654426 (base 13) to base 9.
-4426740
What is -100101111110000101 (base 2) in base 14?
-4096d
197278 (base 10) to base 14
51c74
Convert -6532a (base 11) to base 3.
-11211011200
What is 10211101201 (base 3) in base 11?
516a4
Convert 1034754 (base 10) to base 4.
3330220002
Convert 8f567 (base 16) to base 13.
177305
What is 20212303330 (base 4) in base 15?
2e8734
-236e6 (base 15) to base 3
-12201221000
What is -10310033 (base 4) in base 16?
-4d0f
Convert 26260141 (base 8) to base 6.
325313253
Convert 1002221222021 (base 3) to base 16.
8ffad
What is -129881 (base 11) in base 13?
-7174a
What is 104538a (base 11) in base 8?
7004271
6230d (base 14) to base 13
838bb
17a8581 (base 11) to base 6
145303130
-11dd8 (base 16) to base 4
-101313120
What is -22a60 (base 16) in base 14?
-39a12
What is -5aa61 (base 11) in base 13?
-30c63
-93460b (base 15) to base 7
-113336255
What is 27275 (base 11) in base 13?
14941
-10222101002121 (base 3) to base 11
-1213950
What is 506660 (base 10) in base 13?
1497cb
Convert 101110102002 (base 3) to base 14.
55057
Convert -4b9e8 (base 15) to base 13.
-86123
What is 46808 (base 11) in base 5?
4130101
What is 6088c (base 13) in base 3?
22210002021
-4e85 (base 15) to base 6
-205355
-304415245 (base 6) to base 13
-1121987
Convert 943204 (base 11) to base 7.
15565633
What is 7237 (base 14) in base 2?
100110011000001
-863173 (base 10) to base 2
-11010010101111000101
7e1c60 (base 15) to base 6
333131100
What is 112121031 (base 4) in base 12?
450b9
23244 (base 13) to base 12
31123
Convert -22f3 (base 16) to base 7.
-35041
-211165 (base 7) to base 16
-8e66
What is -10002211101 (base 3) in base 11?
-41a06
120100112120 (base 3) to base 7
2366022
What is 214353030 (base 7) in base 6?
114011